 greatest common factor of q and l?
1
Let v be 22/3*19/(228/198). What is the highest common divisor of v and 22?
11
Let a = 63 - 62. Let c be 60/21 + (-1)/(-7). Let r = c - 1. What is the greatest common divisor of r and a?
1
Let a(z) = -z**2 - 15*z + 4. Let s be a(-10). Suppose -3*u = -0*u. Suppose u = -o + 13 - 7. What is the greatest common divisor of o and s?
6
Suppose s = -4 - 2. Let r be 39/9 + 2/s. Let c(y) = 103*y + 852. Let w be c(-8). Calculate the highest common divisor of r and w.
4
Let j be 11/5 + (-4)/(-5). Suppose -g - j*g = 4*v - 68, 5*g + 95 = 5*v. Calculate the highest common factor of v and 18.
18
Let s(c) = -c**3 - 7*c**2 - 9*c - 4. Let r be s(-6). Let d = -31 + 38. What is the highest common factor of r and d?
7
Suppose 0 = d + 4*d + l - 235, 4*d + 5*l = 167. Let z be (23 - 3) + (1 - 5). What is the greatest common factor of d and z?
16
Let h = 230 + -217. Suppose 2 = b - 2*z, 3*b - 5*z - 7 = -2. Let y(f) = -f**2 + f + 26. Let n be y(b). Calculate the highest common factor of n and h.
13
Suppose -17*l - 2*l = -171. Calculate the greatest common factor of 15 and l.
3
Suppose 4*h + 1240 = 4*w, h = 22*w - 19*w - 930. What is the highest common factor of 20 and w?
10
Let l(w) = 2*w**2 + 1. Suppose 2*k = k + 4. Let m be 1*-5*k/(-20). Let o be l(m). What is the greatest common factor of o and 1?
1
Let q = -32 - -46. Suppose 7*c = 2*c + 10. Suppose -c*m = -2*n + 38, m = -2 - 3. What is the greatest common divisor of q and n?
14
Suppose 1014 = -26*k + 32*k. What is the greatest common factor of k and 26?
13
Let j = -6 - -9. Let f be j/4 + (-15)/(-12). Let d be 1161/18 - 1/f. What is the highest common divisor of 8 and d?
8
Let j(r) = -8*r**2 + 2*r + 3*r**2 + 13 - 12. Let v be j(-1). Let f = v + 32. What is the greatest common factor of 104 and f?
26
Let q(f) = -4*f - 14 + 2*f - 4 + 3. Let a be q(-9). Let k be 3 + 189*1 - a. What is the greatest common factor of 21 and k?
21
Suppose 9 = k - 4*j, -3*j + 1 = -4*j. Let b(t) = k + 1 + 0*t + t - 3*t. Let h be b(-3). What is the greatest common factor of h and 96?
12
Let z = -1 - 1. Let g(k) = -5*k - 96. Let j be g(-20). Let l be -10*(-12)/j + z. Calculate the greatest common divisor of 14 and l.
14
Let z be (102/(-4))/(1/2). Let l = z - -196. Let x be -3 + 5 + (-3)/(6/(-112)). What is the greatest common factor of x and l?
29
Let a be (5/(-4))/((-3)/12). What is the greatest common factor of 5 and a?
5
Suppose -40*s = -29*s - 253. Suppose 5*z + 26 - 6 = 5*d, -z = 4*d - 6. Let x = s + d. Calculate the greatest common factor of x and 25.
25
Suppose -2*m + 422 - 174 = 0. What is the greatest common factor of m and 16?
4
Suppose 3*y - 20 = -2*y. Let k be (0/y)/(-3) - -10. What is the highest common factor of k and 60?
10
Let p(u) = -16*u - 7. Let q(m) = 2*m**2 + 2*m + 1. Let g be q(-2). Let t be p(g). Let v = 157 + t. What is the highest common factor of 14 and v?
14
Let y be (-17272)/(-56) - (-51)/(-119). What is the highest common factor of 33 and y?
11
Let l(a) = 60*a**2 - 2*a - 1. Let r be l(-1). What is the highest common divisor of r and 1159?
61
Suppose 0 = -8*w + 16 + 72. Calculate the highest common divisor of 341 and w.
11
Let q(t) = 2*t**2 - 9*t - 13. Let k be q(6). Suppose 27 = 2*a + k. What is the highest common divisor of a and 77?
11
Let x be 4/3*(4 + 2). Let s(d) = d - 5. Let t be s(-5). Let q(m) = -m**2 - 11*m - 9. Let c be q(t). What is the highest common factor of c and x?
1
Suppose 3*z + 2*k - 6103 - 942 = 0, -2 = 2*k. What is the greatest common factor of 87 and z?
87
Suppose h + 3*x - 99 = -3*h, -5*x = 5*h - 130. Let l(k) = k - 3. Let o be l(31). What is the highest common divisor of h and o?
7
Let q be 72/264 - 519/(-33). What is the greatest common divisor of q and 1024?
16
Let s = -16 - -24. Suppose -3*z + 110 = -58. Calculate the highest common factor of s and z.
8
Let r(x) = -x**3 + x**2 + x + 3. Let j be r(0). Let f be 0/(-2) - (-4 + 1). Suppose f*g = -i - 3, g = -2 - 2. Calculate the greatest common divisor of i and j.
3
Let u be -28*((-14)/77 + 3/((-660)/235)). Let o(p) be the first derivative of -p**2 - p - 1. Let t be o(-4). What is the highest common divisor of t and u?
7
Let m(s) = -s**3 - s**2 + 1. Let r(g) = -3*g**3 - 8*g**2 - 4. Let t(l) = 2*m(l) - r(l). Let p be t(-6). Calculate the greatest common divisor of 2 and p.
2
Suppose -37 = 5*m - 12. Let u be (-42)/(m/2 + 1). Suppose 4*g - 2*a = 77 + 31, -3*g - a = -86. Calculate the highest common divisor of u and g.
28
Suppose 1525*q - 230 = 1520*q. Calculate the greatest common factor of q and 414.
46
Let m = -1870 - -1888. Suppose 0 = 2*u - 33 - 15. What is the greatest common factor of u and m?
6
Let b(d) = 11*d - 1. Let v be (3/1)/((-3)/(-6)). Let c be b(v). Let p be 26 - ((-2)/((-6)/9) + -3). What is the greatest common divisor of c and p?
13
Let z be 4/18 - (-2472)/54. Suppose -43*f = -z*f + 390. Calculate the greatest common factor of 10 and f.
10
Suppose 5 + 3 = 4*v. Suppose -c - 339 = -v*g, 0 = -g - 4*c - 0*c + 156. Calculate the highest common factor of g and 21.
21
Let d be -2 - (-6 + -8)*31. What is the greatest common divisor of d and 24?
24
Let a(w) be the second derivative of -w**4/12 + 5*w**3/6 - 3*w**2/2 + 41*w. Let d be a(2). Calculate the greatest common divisor of 15 and d.
3
Let f = 27 - 7. Suppose 0 = 4*a - u + 145 - 14, 5*a + 175 = 5*u. Let o = a + 82. Calculate the highest common divisor of f and o.
10
Let b = 5 - -1. Suppose 0 = 18*q - 17*q + 5, -69 = -2*h - 3*q. What is the highest common divisor of b and h?
6
Let t(l) = l**3 + 7*l**2 + l + 1. Let h be t(-4). Let k = 327 + -312. What is the greatest common factor of k and h?
15
Suppose -23 - 47 = -5*r. Let v = -10 + r. Suppose -2*k + 28 = -5*w, -6 - 10 = v*w. What is the highest common factor of k and 4?
4
Let l be (-662)/(-2) + -109 + 102. Calculate the greatest common divisor of 810 and l.
162
Let y(l) = -88*l**3 + l**2 + 2*l + 1. Let i be y(-1). Let o = 1645 + -1637. Calculate the highest common divisor of i and o.
8
Suppose -45*r - 292 = -1147. What is the greatest common factor of r and 1501?
19
Let o be (-1084)/(-28) + 4/14. Suppose -4*n = 4*j - 80, -3*j - n + 5*n = -o. Calculate the greatest common divisor of j and 17.
17
Let t be 6 + ((-2)/6 - 8/3). Suppose 101 = t*x + 11. What is the highest common factor of 6 and x?
6
Suppose -6*q + 12 = -3*q. Let m be 35/(-5) + -5 + 40. What is the greatest common divisor of m and q?
4
Let u = 59 + 11. Suppose -6*v + v = -u. Suppose -3*x + 6 + 0 = 0. Calculate the greatest common divisor of v and x.
2
Let j be 20/50 - (-6)/10. Let h(b) = -2*b**3 + 3*b**2 - 2. Let g be h(j). Let a be g/(-7) - 624/(-91). What is the highest common factor of a and 77?
7
Suppose -5*t - 5*r = -8*t + 235, 4*r = -3*t + 271. Calculate the greatest common divisor of 15 and t.
5
Let b(k) = k**3 - 14*k**2 + 32. Let u be b(14). Let s(f) = 5*f + 8. Let d be s(0). Calculate the greatest common factor of d and u.
8
Let t be (0 - 3)*(4 - (-1220)/(-15)). Suppose 2*s + 6*s - t = 0. Let l be 2 + -37*(-6 - 1). Calculate the highest common divisor of s and l.
29
Let v be (1 - 2)/(1/(-167)). Let d = 263 - v. Suppose 3*p = 3*b + p - 67, 4*b = p + d. Calculate the highest common divisor of 175 and b.
25
Let r be (1 + -193)*13/(-26). What is the greatest common divisor of 12 and r?
12
Let x be 12*1*(-8)/(-24). Suppose 6 = 5*g - 9, x*n = 3*g - 1105. Let k = -124 - n. Calculate the greatest common divisor of k and 15.
15
Let z = 8 - 6. Suppose z = 4*f - 46. Suppose f*l = 15*l - 660. What is the greatest common factor of l and 20?
20
Let d be (1 + (-112)/35)*-1*5. Calculate the greatest common factor of d and 198.
11
Suppose y = -3*t + 4*y + 24, -t + 2*y = -8. Calculate the highest common factor of 24 and t.
8
Let d = 87 + -81. Suppose 2*g - 2 = d, -3*u - 2*g + 65 = 0. What is the highest common factor of u and 171?
19
Let x = 594 - 362. Calculate the highest common divisor of x and 174.
58
Let o(c) = 2 - 3 - 5*c + 0*c + 86*c**2 + 3*c. Let z be o(-1). Calculate the highest common divisor of z and 58.
29
Let k(w) = -w**2 + 6*w - 5. Let t be k(5). Suppose -3*o + t*o + 6 = 0. What is the greatest common factor of o and 1?
1
Suppose 5*h - h - 572 = 0. Suppose 1182 - 599 = 53*i. What is the greatest common divisor of i and h?
11
Le